{"id":210,"date":"2014-12-18T06:13:23","date_gmt":"2014-12-18T05:13:23","guid":{"rendered":"http:\/\/localhost:8888\/wordpress\/?page_id=210"},"modified":"2022-12-05T20:28:19","modified_gmt":"2022-12-05T19:28:19","slug":"showroom","status":"publish","type":"page","link":"https:\/\/www.mons-placard.be\/index.php\/showroom\/","title":{"rendered":"Showroom"},"content":{"rendered":"<p style=\"text-align: left;\"><span style=\"font-family: georgia,serif;\"><span style=\"color: #808080;\"><em>Situ\u00e9 dans l&rsquo;art\u00e8re principale de Fl\u00e9nu (r\u00e9gion de Mons), avec de nombreuses possibilit\u00e9s de parking \u00e0 proximit\u00e9, Michel<span style=\"color: #808080;\">\u00a0<\/span><\/em><em>Demori est \u00e0 votre disposition et surtout \u00e0 votre \u00e9coute pour r\u00e9pondre \u00e0 votre demande et r\u00e9aliser un plan en trois dimensions.<\/em><\/span><\/span><\/p>\n<p><span style=\"font-family: georgia,serif;\"><span style=\"color: #ff0000;\"><strong><span style=\"line-height: 1.5;\">Le showroom n&rsquo;est accessible que sur rendez-vous du lundi au vendredi ainsi que les week-ends.<\/span><\/strong><\/span><\/span><\/p>\n<p><img decoding=\"async\" style=\"width: 400px; height: 267px; border-width: 1px; border-style: solid; float: left;\" src=\"http:\/\/www.mons-placard.be\/wp-content\/uploads\/2014\/12\/showroom_facade.jpg\" alt=\"\" \/><\/p>\n<p><span style=\"font-family: georgia,serif;\"><strong>\u00a0 \u00a0Mons Placard &amp; Dressing<\/strong><br \/>\n<strong style=\"font-style: italic; line-height: 1.5;\">\u00a0 \u00a0Avenue du champ de Bataille, 415<\/strong><br \/>\n<strong style=\"font-style: italic; line-height: 1.5;\">\u00a0 \u00a07012 Fl\u00e9nu (Mons)<\/strong><\/span><\/p>\n<p style=\"text-align: left;\"><span style=\"font-family: georgia,serif;\">\u00a0 \u00a0T\u00e9l : 0495\/484.044<br \/>\nEmail : monsplacards@hotmail.com<\/span><\/p>\n","protected":false},"excerpt":{"rendered":"<p>Situ\u00e9 dans l&rsquo;art\u00e8re principale de Fl\u00e9nu (r\u00e9gion de Mons), avec de nombreuses possibilit\u00e9s de parking \u00e0 proximit\u00e9, Michel\u00a0Demori est \u00e0 votre disposition et surtout \u00e0 votre \u00e9coute pour r\u00e9pondre \u00e0 votre demande et r\u00e9aliser un plan en trois dimensions. Le showroom n&rsquo;est accessible que sur rendez-vous du lundi au vendredi ainsi que les week-ends. \u00a0 &hellip; <a href=\"https:\/\/www.mons-placard.be\/index.php\/showroom\/\" class=\"more-link\">Continuer la lecture de <span class=\"screen-reader-text\">Showroom<\/span>  <span class=\"meta-nav\">&rarr;<\/span><\/a><\/p>\n","protected":false},"author":1,"featured_media":0,"parent":0,"menu_order":0,"comment_status":"closed","ping_status":"closed","template":"page-templates\/full-width.php","meta":{"footnotes":""},"class_list":["post-210","page","type-page","status-publish","hentry"],"_links":{"self":[{"href":"https:\/\/www.mons-placard.be\/index.php\/wp-json\/wp\/v2\/pages\/210","targetHints":{"allow":["GET"]}}],"collection":[{"href":"https:\/\/www.mons-placard.be\/index.php\/wp-json\/wp\/v2\/pages"}],"about":[{"href":"https:\/\/www.mons-placard.be\/index.php\/wp-json\/wp\/v2\/types\/page"}],"author":[{"embeddable":true,"href":"https:\/\/www.mons-placard.be\/index.php\/wp-json\/wp\/v2\/users\/1"}],"replies":[{"embeddable":true,"href":"https:\/\/www.mons-placard.be\/index.php\/wp-json\/wp\/v2\/comments?post=210"}],"version-history":[{"count":28,"href":"https:\/\/www.mons-placard.be\/index.php\/wp-json\/wp\/v2\/pages\/210\/revisions"}],"predecessor-version":[{"id":1588,"href":"https:\/\/www.mons-placard.be\/index.php\/wp-json\/wp\/v2\/pages\/210\/revisions\/1588"}],"wp:attachment":[{"href":"https:\/\/www.mons-placard.be\/index.php\/wp-json\/wp\/v2\/media?parent=210"}],"curies":[{"name":"wp","href":"https:\/\/api.w.org\/{rel}","templated":true}]}}